ommon factor of k and 18?
18
Let z(a) = 7*a + 1. Let i be z(5). Let q(t) = 12*t**3 - 2*t**2 + 1. Let f be q(1). Let m = -7 + f. What is the highest common divisor of i and m?
4
Let x(w) = 5*w + 28. Let y be x(-4). Suppose -2*m - 5*u + 46 = 17, -m - 3*u = -15. What is the highest common factor of y and m?
4
Let u = -5 - -7. Let j = 4 + u. Let s be 2/((j/8)/3). Calculate the greatest common factor of 8 and s.
8
Suppose -4 + 1 = 3*n. Let s be n/3 + 868/12. Let f be 24/4 - (-1 - 1). Calculate the highest common factor of s and f.
8
Let r(u) = -u**3 - u + 6. Let i be r(0). Suppose 5*v - 12 = v. Suppose -v*x + 10 + 2 = 0. What is the greatest common factor of i and x?
2
Let m = -9 + 19. Let k = -4 + 14. Calculate the greatest common divisor of k and m.
10
Let m be (-11)/(-5) - (-1)/(-5). Suppose 6 = 2*i - 38. Suppose -2*g - i = -3*s - 0*g, -m = -2*g. Calculate the highest common factor of s and 24.
8
Suppose 4*q - 57 = -5*o, 5*q + 2*o - o = 66. Calculate the highest common divisor of q and 52.
13
Let t = -2 + 5. Calculate the greatest common factor of 2 and t.
1
Suppose -5*w + 40 = 5*j, -3*w + 7*w - 22 = j. Calculate the highest common divisor of 6 and w.
6
Let t(f) = -f**2 + 10*f + 2. Let i be t(9). Let u = -8 + i. Suppose 0 = -u*k + 8 - 2. Calculate the highest common factor of k and 1.
1
Suppose 5*q - 294 = -34. Let h(i) = -i**2 - 9*i - 14. Let a be h(-7). Suppose b + 11 - 37 = a. Calculate the greatest common factor of q and b.
26
Let j = -7 - -47. Let f = 1 - 2. Let u(i) = -17*i - 1. Let p be u(f). Calculate the greatest common factor of j and p.
8
Suppose 2*b = -2 + 6. Suppose q - b*y - 22 = -q, 4*y = -4*q + 4. Calculate the greatest common divisor of 2 and q.
2
Let z = 3 - 3. Let p = 0 + z. Suppose 3*c - q - 38 = 0, -3*c + p*q = -2*q - 43. Calculate the greatest common factor of c and 11.
11
Let d(u) = -7*u. Let w be d(-3). Suppose 5*p = 108 + 207. What is the highest common factor of p and w?
21
Suppose -u - 4*m + 37 - 4 = 0, u = -m + 21. What is the greatest common factor of u and 153?
17
Let h(i) = -56*i**3 + i**2. Let c be h(-1). Calculate the greatest common factor of c and 38.
19
Suppose -2*f - 3*m = -22, -f + 8 = 3*m - 9. Suppose 0 = f*u + 24 - 159. What is the greatest common factor of 3 and u?
3
Let a(w) = w**3 + 5*w**2 - w - 3. Let p be a(-5). What is the highest common factor of p and 16?
2
Suppose -2*s - 3 = 3. Let t(r) = r**2 + 2*r + 4. Let o be t(s). What is the greatest common factor of o and 35?
7
Let f = -9 - -13. Suppose -f = -2*x + 2. Let a = x + 10. What is the greatest common divisor of a and 13?
13
Let m be (2 - 26/8)*-4. Let i = m - 3. Suppose 0*q + 22 = i*q. Calculate the greatest common divisor of 22 and q.
11
Suppose 5*n - 15 + 0 = 0, -2*m + 108 = 4*n. Let i be (64/3)/((-2)/(-6)). Let p = i - 32. Calculate the highest common divisor of p and m.
16
Suppose 16*w - 85 = -5. Suppose 4*a - 111 = 109. What is the greatest common factor of a and w?
5
Let y(u) = -3*u - 6. Let j be y(-4). Suppose -j - 7 = -3*r - 2*d, 33 = 3*r - 3*d. Suppose r*z = 2*z + 45. Calculate the highest common factor of 81 and z.
9
Let l(v) = 0*v - 6*v - 2 + 10*v. Let t be l(3). What is the highest common factor of t and 2?
2
Let x be -1 + (3 + -35)*-1. Suppose -x - 9 = -2*r. Calculate the greatest common divisor of 5 and r.
5
Suppose -2*o = 3*o + 85. Let f = o - -34. What is the greatest common factor of f and 17?
17
Suppose -2*j = -2*q - 2*q + 10, -3*j + 4*q - 9 = 0. Let u be 2/(-5) + 17/5. Let b = u - j. What is the greatest common factor of 2 and b?
2
Suppose 0 = -3*a - 8*d + 6*d + 160, 0 = 5*a - 5*d - 300. What is the highest common divisor of a and 14?
14
Let d(r) = -r - 3. Let g be d(-6). Suppose -5*j = -g*j - 22. Calculate the highest common divisor of j and 33.
11
Suppose -4*r + 575 = -5. Let c = r - 73. What is the highest common factor of c and 24?
24
Let o(r) = -r**3 + 4*r**2 + 9*r - 9. Let m be o(5). What is the highest common factor of 11 and m?
11
Suppose -3*p + 4*f = -0*f - 206, 5*p + 4*f - 322 = 0. Calculate the highest common factor of 165 and p.
33
Let w(a) be the first derivative of a**2/2 - 3*a + 2. Let v be w(9). Suppose 4*i - v = i. Calculate the highest common factor of 6 and i.
2
Let y = -82 - -192. What is the greatest common divisor of 10 and y?
10
Let c be (3 + -2)*33/1. Suppose 3*y + 0*i - 2 = 5*i, -2*y - 3*i + c = 0. Calculate the greatest common factor of 99 and y.
9
Let y be ((-6)/4)/((-6)/8). Suppose w - 18 = -y*z, 0 = 4*w - w + 5*z - 54. Let d = -13 + 19. Calculate the highest common divisor of d and w.
6
Let v(b) = -3*b + 11. Let c be v(-7). What is the highest common divisor of 32 and c?
32
Let x be (-68)/(-8) + (-1)/2. Calculate the greatest common divisor of 40 and x.
8
Let l(n) be the first derivative of -5*n**2/2 - 3*n - 2. Let j be l(-3). Suppose -g = -51 + 3. What is the highest common factor of j and g?
12
Let c = -8 - -16. Suppose 22 = 2*b - 5*t - 96, -4 = -2*t. What is the greatest common divisor of c and b?
8
Let s(r) = r**3 - r**2 - 2*r - 2. Let t be s(-2). Let y = t + 18. What is the highest common factor of y and 56?
8
Let p be (-6)/4*(-5852)/42. Calculate the greatest common divisor of 19 and p.
19
Suppose 0 = -2*a, -4*m + 13 = 5*a - 7. Calculate the greatest common divisor of 5 and m.
5
Let w(a) = 5*a**2 - 2*a + 12. Let v be w(6). What is the highest common divisor of 36 and v?
36
Let d(x) = -11*x + 3. Let v be d(-6). Let k = -21 + v. Let h be (-164)/(-14) + 6/21. Calculate the greatest common divisor of k and h.
12
Let o = 166 + 120. Calculate the greatest common factor of 26 and o.
26
Let x be ((-15)/(-10))/(1/6). Suppose -15 = -b + x. Calculate the greatest common factor of 3 and b.
3
Let b be (-1 - 0) + 45 + 1. Suppose 4*v = -0*v + 5*c + b, 5*v - 55 = 5*c. Calculate the greatest common divisor of 110 and v.
10
Let d be (-2)/4 - 221/34. Let j(s) = 2*s**2 + 11*s + 9. Let v be j(d). What is the highest common factor of v and 60?
30
Let b be 258 - (0 - (1 - 3)). Suppose -6*l + 2*l = -b. Suppose 9*t + 23 = 167. What is the highest common divisor of l and t?
16
Let o = -2 + -6. Let u = -6 - o. Suppose s + u*s - 165 = 0. What is the greatest common factor of 5 and s?
5
Suppose 2*b - 4*n = -3*n + 13, -2*b = n - 3. Suppose -2*q + 5 = 4*o - 7*o, b*o = 5*q - 23. Calculate the greatest common divisor of 28 and q.
7
Suppose 0 = 2*m - 4, -5*t + 5*m + 815 = -0*t. Suppose -2*q - 2*w = -0*w - 66, w + t = 5*q. What is the greatest common factor of q and 11?
11
Let y(x) = 5*x**3 + x**2 - x + 1. Let s be y(1). Let t be -21*1/(s/(-4)). Let f be t/(2 - 14/8). What is the greatest common divisor of 7 and f?
7
Let a(w) = -20*w**3 + 3*w**2 - w - 2. Let x be a(-1). Let n = -51 - -106. What is the greatest common factor of n and x?
11
Suppose w = -3*x + 40, 0 = 4*w - 0*w - 2*x - 160. Let j = w - 24. What is the greatest common factor of 2 and j?
2
Let u = -20 + 14. Let w(j) = j**3 + 9*j**2 - j + 6. Let g(a) = -a**2. Let x(r) = 2*g(r) + w(r). Let m be x(u). What is the greatest common factor of 12 and m?
12
Suppose 2*r - r = 4. Suppose 3*c = 5*o - 4, -5*c + r = -3*o - 0. Let q be ((-4)/o + 4)*32. Calculate the highest common divisor of q and 8.
8
Let c(z) = z**3 - 3*z**2 - z + 2. Let t be c(3). Let q be (-2 - (-22 + 3)) + t. Calculate the highest common factor of q and 2.
2
Suppose -36 = -11*c + 9*c. Calculate the greatest common factor of c and 126.
18
Let s(j) = -j**3 - 6*j**2 + 6*j + 5. Let v be s(-7). Calculate the highest common factor of v and 18.
6
Let k(w) = w**2 - 4*w - 28. Let v be k(-6). Calculate the greatest common factor of 32 and v.
32
Let h be 13/((2 + -1)*1). What is the highest common factor of 13 and h?
13
Let d(k) = -k**3 + 2*k**2 - 2*k + 1. Let h be d(1). Suppose h = 3*t - y - 43, y = -3*t - 0*y + 41. Calculate the greatest common factor of 70 and t.
14
Let b(u) = -u**3 - 4*u**2 - u + 1. Let h be b(-3). Let f = -3 - h. Calculate the greatest common factor of 1 and f.
1
Let l be (-2)/(-3) - 170/(-6). Calculate the highest common factor of l and 58.
29
Let x be (2 - 5) + (-7)/(-1). Calculate the greatest common factor of x and 4.
4
Let c = -13 + 17. Suppose -2*v + 245 = -0*v + 5*w, 535 = c*v + w. Calculate the highest common divisor of v and 15.
15
Let x be 16/(-6) - (-4)/6. Let k = x + 7. Calculate t